69.
169
What is the highest common divisor of 36700 and 750?
50
What is the greatest common factor of 799938 and 90?
18
What is the greatest common divisor of 7532 and 252860?
1076
What is the highest common factor of 241 and 528754?
241
Calculate the highest common divisor of 1060 and 84588.
212
What is the greatest common factor of 7990 and 151340?
470
Calculate the highest common divisor of 27010 and 949.
73
What is the highest common divisor of 820 and 1638770?
410
Calculate the greatest common divisor of 14656 and 24896.
64
Calculate the highest common divisor of 887570 and 391.
391
Calculate the highest common factor of 15885 and 375.
15
Calculate the greatest common divisor of 1078230 and 40.
10
Calculate the highest common factor of 5174 and 754.
26
Calculate the greatest common factor of 12144 and 110400.
1104
What is the highest common factor of 65346 and 198?
6
Calculate the highest common factor of 47541 and 636.
159
What is the greatest common divisor of 25960 and 3776?
472
Calculate the greatest common divisor of 93 and 289013.
31
What is the highest common divisor of 248 and 3488?
8
What is the highest common factor of 551 and 209?
19
What is the greatest common divisor of 23140 and 1040?
260
Calculate the highest common divisor of 11928668 and 1864.
932
Calculate the greatest common divisor of 2589 and 329666.
863
What is the highest common divisor of 3482856 and 468?
468
What is the greatest common factor of 56 and 834776?
8
Calculate the highest common divisor of 20 and 21870.
10
What is the highest common divisor of 43119 and 4347?
27
Calculate the greatest common factor of 154353 and 1311.
69
What is the highest common divisor of 502252 and 5833?
307
Calculate the highest common factor of 96528 and 2856.
24
What is the highest common divisor of 9084 and 2172?
12
What is the greatest common factor of 25296 and 1020?
204
Calculate the highest common divisor of 260 and 327340.
260
What is the greatest common divisor of 23309 and 572?
143
What is the highest common factor of 1350480 and 2979?
993
Calculate the highest common divisor of 19 and 76247.
19
Calculate the highest common divisor of 1184 and 496244.
148
Calculate the greatest common divisor of 1075 and 157466.
43
Calculate the highest common divisor of 79149 and 21.
21
What is the greatest common divisor of 460 and 19500?
20
What is the greatest common factor of 228539 and 2?
1
What is the highest common divisor of 20097 and 147?
21
What is the greatest common factor of 130 and 518102?
26
What is the greatest common factor of 2448 and 68272?
272
Calculate the greatest common factor of 76 and 139954.
38
Calculate the greatest common factor of 6 and 21426.
6
Calculate the greatest common divisor of 18589 and 464.
29
What is the greatest common factor of 584398 and 282?
94
Calculate the highest common divisor of 525 and 8127.
21
What is the greatest common divisor of 134544 and 48?
48
Calculate the highest common divisor of 3609 and 9585.
9
Calculate the highest common factor of 861 and 1799.
7
Calculate the greatest common factor of 19005 and 4095.
105
Calculate the highest common factor of 14391 and 52.
13
Calculate the greatest common divisor of 4240 and 20.
20
What is the greatest common factor of 658 and 12126?
94
What is the greatest common divisor of 156 and 3349996?
52
Calculate the greatest common divisor of 585 and 342.
9
What is the greatest common factor of 102 and 25824?
6
What is the highest common factor of 150498 and 18?
18
Calculate the highest common divisor of 812 and 994.
14
Calculate the greatest common factor of 726 and 342.
6
What is the highest common divisor of 245135 and 110?
55
Calculate the highest common divisor of 7970 and 1810.
10
Calculate the highest common divisor of 930 and 89590.
310
Calculate the greatest common divisor of 901 and 83266.
17
Calculate the highest common divisor of 28 and 2602054.
14
Calculate the greatest common factor of 2416 and 48.
16
What is the highest common factor of 635159 and 217?
217
Calculate the greatest common factor of 632 and 56801.
79
Calculate the highest common factor of 9233 and 686.
7
Calculate the greatest common factor of 39940 and 380.
20
What is the highest common divisor of 98983 and 27869?
961
What is the greatest common factor of 4668 and 276?
12
Calculate the highest common factor of 864 and 1863.
27
What is the greatest common divisor of 50098 and 814?
74
What is the highest common factor of 344 and 525890?
86
What is the greatest common factor of 189820 and 20?
20
Calculate the highest common factor of 170 and 42620.
10
What is the highest common divisor of 99 and 12419?
11
Calculate the highest common divisor of 1296 and 7695.
81
Calculate the highest common divisor of 1239 and 6939.
3
Calculate the highest common divisor of 6324 and 41044.
124
What is the highest common divisor of 40228 and 2034?
226
What is the highest common divisor of 2553 and 18285?
69
Calculate the greatest common factor of 418187 and 308.
77
Calculate the greatest common divisor of 290862 and 55.
11
What is the highest common divisor of 12027 and 513?
57
What is the greatest common factor of 220 and 890?
10
Calculate the greatest common factor of 3990 and 130606.
266
What is the highest common factor of 360446 and 229?
229
What is the highest common divisor of 29279 and 2077?
67
Calculate the greatest common divisor of 13514426 and 838.
838
What is the highest common factor of 5115 and 726?
33
Calculate the highest common factor of 88322 and 26.
26
What is the greatest common factor of 4015 and 25?
5
Calculate the greatest common divisor of 2575 and 85.
5
What is the greatest common divisor of 166479 and 6330?
633
What is the greatest common divisor of 230 and 41722?
46
What is the highest common factor of 165 and 25674?
33
Calculate the greatest common factor of 510775 and 800.
25
What is the highest common divisor of 17856 and 18786?
186
Calculate the greatest common divisor of 2680 and 7236.
268
Calculate the highest common factor of 374 and 340.
34
What is the greatest common factor of 507 and 1126047?
507
Calculate the highest common factor of 756 and 88200.
252
What is the greatest common divisor of 21555 and 360?
45
Calculate the greatest common factor of 231 and 22778.
7
Calculate the highest common factor of 78 and 200082.
6
Calculate the greatest common divisor of 63963 and 57.
3
What is the highest common factor of 6155227 and 13?
13
What is the highest common factor of 4564 and 9716?
28
What is the greatest common divisor of 472618 and 670?
134
What is the highest common factor of 224 and 2700?
4
What is the highest common divisor of 28120 and 3040?
760
Calculate the greatest common divisor of 39529 and 21.
7
Calculate the greatest common divisor of 3447 and 63.
9
What is the greatest common divisor of 921712 and 176?
176
What is the highest common divisor of 1917723 and 1017?
339
What is the greatest common factor of 177960 and 765?
15
Calculate the highest common divisor of 2850795 and 9.
9
What is the highest common factor of 462 and 87934?
154
Calculate the highest common divisor of 154 and 723415.
77
Calculate the highest common factor of 1066 and 793.
13
What is the highest common divisor of 359525 and 3650?
1825
What is the greatest common divisor of 386164 and 116?
116
Calculate the highest common divisor of 3723 and 17.
17
What is the greatest common divisor of 315 and 3855?
15
Calculate the greatest common factor of 72106 and 186.
62
Calculate the highest common divisor of 47932 and 10396.
92
Calculate the greatest common divisor of 5716375 and 141.
47
What is the highest common factor of 536 and 1336248?
536
What is the greatest common divisor of 83545 and 15500?
155
What is the highest common divisor of 123 and 879?
3
Calculate the highest common factor of 19278 and 14.
14
What is the highest common divisor of 121184 and 168?
56
What is the greatest common factor of 267504 and 48?
48
Calculate the greatest common divisor of 6099 and 165813.
57
What is the highest common factor of 804 and 588?
12
Calculate the greatest common factor of 41210 and 520.
130
Calculate the greatest common divisor of 2278120 and 4056.
1352
What is the highest common divisor of 132045 and 405?
15
Calculate the g